{"id":930,"date":"2021-01-06T10:29:19","date_gmt":"2021-01-06T10:29:19","guid":{"rendered":"http:\/\/www.nepomucen.com.pl\/?page_id=930"},"modified":"2021-03-18T21:12:27","modified_gmt":"2021-03-18T21:12:27","slug":"grupy-parafialne","status":"publish","type":"page","link":"http:\/\/www.nepomucen.com.pl\/?page_id=930","title":{"rendered":"Grupy parafialne"},"content":{"rendered":"\n<figure class=\"wp-block-table\"><table><tbody><tr><td><a href=\"http:\/\/www.nepomucen.com.pl\/?page_id=915\">Ministranci<\/a><\/td><\/tr><tr><td><a href=\"http:\/\/www.nepomucen.com.pl\/?page_id=913\">R\u00f3\u017ce R\u00f3\u017ca\u0144cowe<\/a><\/td><\/tr><tr><td><a href=\"http:\/\/www.nepomucen.com.pl\/?page_id=911\">Ruch Szensztacki<\/a><\/td><\/tr><tr><td><a href=\"http:\/\/www.nepomucen.com.pl\/?page_id=1116\">Ch\u00f3r \u201cCantate Dominum\u201d<\/a><\/td><\/tr><tr><td><a href=\"http:\/\/www.nepomucen.com.pl\/?page_id=2025\" data-type=\"URL\" data-id=\"http:\/\/www.nepomucen.com.pl\/?page_id=2025\">Zesp\u00f3\u0142 Charytatywny<\/a><\/td><\/tr><tr><td><a href=\"http:\/\/www.nepomucen.com.pl\/?page_id=2151\">R\u00f3\u017ca R\u00f3\u017ca\u0144cowa Rodzic\u00f3w za Dzieci<\/a><\/td><\/tr><\/tbody><\/table><\/figure>\n","protected":false},"excerpt":{"rendered":"<p>Ministranci R\u00f3\u017ce R\u00f3\u017ca\u0144cowe Ruch Szensztacki Ch\u00f3r \u201cCantate Dominum\u201d Zesp\u00f3\u0142 Charytatywny R\u00f3\u017ca R\u00f3\u017ca\u0144cowa Rodzic\u00f3w za Dzieci<\/p>\n","protected":false},"author":3,"featured_media":0,"parent":0,"menu_order":0,"comment_status":"closed","ping_status":"closed","template":"","meta":{"footnotes":""},"class_list":["post-930","page","type-page","status-publish","hentry"],"_links":{"self":[{"href":"http:\/\/www.nepomucen.com.pl\/index.php?rest_route=\/wp\/v2\/pages\/930","targetHints":{"allow":["GET"]}}],"collection":[{"href":"http:\/\/www.nepomucen.com.pl\/index.php?rest_route=\/wp\/v2\/pages"}],"about":[{"href":"http:\/\/www.nepomucen.com.pl\/index.php?rest_route=\/wp\/v2\/types\/page"}],"author":[{"embeddable":true,"href":"http:\/\/www.nepomucen.com.pl\/index.php?rest_route=\/wp\/v2\/users\/3"}],"replies":[{"embeddable":true,"href":"http:\/\/www.nepomucen.com.pl\/index.php?rest_route=%2Fwp%2Fv2%2Fcomments&post=930"}],"version-history":[{"count":4,"href":"http:\/\/www.nepomucen.com.pl\/index.php?rest_route=\/wp\/v2\/pages\/930\/revisions"}],"predecessor-version":[{"id":2233,"href":"http:\/\/www.nepomucen.com.pl\/index.php?rest_route=\/wp\/v2\/pages\/930\/revisions\/2233"}],"wp:attachment":[{"href":"http:\/\/www.nepomucen.com.pl\/index.php?rest_route=%2Fwp%2Fv2%2Fmedia&parent=930"}],"curies":[{"name":"wp","href":"https:\/\/api.w.org\/{rel}","templated":true}]}}